
In base 11, what is 1a + -658?
-639
In base 4, what is -330 - -10211?
3221
In base 5, what is -2 + 2042142?
2042140
In base 11, what is 25130 + 2?
25132
In base 3, what is -11 + 1100022200?
1100022112
In base 10, what is -2 + -608837?
-608839
In base 10, what is -69343 - 0?
-69343
In base 10, what is -30 + -726?
-756
In base 11, what is 71 - 186?
-115
In base 7, what is 3 - -3050610?
3050613
In base 7, what is 0 - -223603?
223603
In base 6, what is 0 + 4223?
4223
In base 15, what is 23 + 285?
2a8
In base 4, what is -10 + -3321113?
-3321123
In base 6, what is -44 + -2012244?
-2012332
In base 3, what is 11 - -100221222?
100222010
In base 14, what is 1 - -4caa8?
4caa9
In base 4, what is -3200 + -10313?
-20113
In base 4, what is -1 - 302201?
-302202
In base 6, what is 3520 - -113?
4033
In base 10, what is -668 + -16?
-684
In base 4, what is -20101012031 - 2?
-20101012033
In base 12, what is 2 - 2032a?
-20328
In base 13, what is -6c59 - -8?
-6c51
In base 6, what is -55 - -54141?
54042
In base 4, what is 32030312 + -121?
32030131
In base 4, what is -21 - 1033222322?
-1033223003
In base 11, what is 107166 + 19?
107184
In base 5, what is 312303204 - -4?
312303213
In base 2, what is -11 + 1000111111110011?
1000111111110000
In base 15, what is -6b5 + 0?
-6b5
In base 15, what is -3bd - -512?
144
In base 9, what is -2 + 8242?
8240
In base 8, what is 4 - -77744?
77750
In base 11, what is -7 + 121640?
121634
In base 5, what is -10 - 33442300?
-33442310
In base 8, what is 71332 + -17?
71313
In base 5, what is 12431 - -3?
12434
In base 9, what is -25815 + -3?
-25818
In base 3, what is -20 + 2002111021220?
2002111021200
In base 10, what is 156975 - -1?
156976
In base 6, what is 1233004 + 4?
1233012
In base 3, what is -2211101011 - 11?
-2211101022
In base 13, what is 263 - 120?
143
In base 4, what is 103210013 + 2?
103210021
In base 9, what is 75 + -4220?
-4134
In base 12, what is 3 + 27b08b?
27b092
In base 11, what is -2a6 - 173?
-469
In base 12, what is -a054 + -3?
-a057
In base 6, what is -30 - -341432?
341402
In base 10, what is 3173 + -122?
3051
In base 6, what is -3331 - -100?
-3231
In base 10, what is -48 - 3?
-51
In base 6, what is 40 + -221035?
-220555
In base 16, what is 4a61c + -2?
4a61a
In base 8, what is 47 - 10?
37
In base 11, what is a9 + 222?
320
In base 4, what is -22030 - 1131?
-23221
In base 4, what is 31033 + -120?
30313
In base 13, what is -8 - c1?
-c9
In base 16, what is 158 + -4?
154
In base 15, what is -848 - 3?
-84b
In base 6, what is 5412530 - -5?
5412535
In base 16, what is -14f1 + f?
-14e2
In base 5, what is -3 - -103430202?
103430144
In base 5, what is 4003 - 42?
3411
In base 10, what is -27993 - 52?
-28045
In base 14, what is 1 - -41a5a?
41a5b
In base 10, what is 10 - -4768?
4778
In base 7, what is 2560 - -144?
3034
In base 4, what is -10222032221 - -2?
-10222032213
In base 2, what is -1010 - -10111101000111000110?
10111101000110111100
In base 2, what is -101011110010010011101 + 100?
-101011110010010011001
In base 5, what is -332 + 441?
104
In base 15, what is 5 + -643?
-63d
In base 11, what is 11730 - -13?
11743
In base 3, what is -10121 + -2211002?
-2221200
In base 13, what is -4a4c - -1?
-4a4b
In base 7, what is 5415 - -1605?
10323
In base 13, what is 6374 + 1c?
6393
In base 8, what is 1316 + 262?
1600
In base 6, what is -225251 - 401?
-230052
In base 10, what is 59029 + 4?
59033
In base 10, what is 0 - 557219?
-557219
In base 14, what is -5 + 171c3?
171bc
In base 5, what is 124104 - 143?
123411
In base 12, what is -45 - 5ab?
-634
In base 9, what is -3 + 108076?
108073
In base 3, what is -10 - -101120?
101110
In base 13, what is -5 + -2079?
-2081
In base 12, what is 4738 + 3b6?
4b32
In base 15, what is -47 - -77e?
737
In base 8, what is -241700 - 1?
-241701
In base 4, what is 332031031 - 2?
332031023
In base 2, what is -1001010 - -11001000100?
10111111010
In base 4, what is -1301 - -13203?
11302
In base 8, what is 70 - 30501?
-30411
In base 15, what is -14c7 + 46?
-1481
In base 9, what is -65 + 0?
-65
In base 13, what is -1965b - 1?
-1965c
In base 3, what is 21021201011 + -21?
21021200220
In base 13, what is 134 + -67?
9a
In base 10, what is 79 + 24170?
24249
In base 13, what is -1 - aa2a8?
-aa2a9
In base 13, what is -1 - 16aaa?
-16aab
In base 14, what is 22 - -1c0?
202
In base 13, what is -4 + 70c?
708
In base 15, what is 10ea - e4?
1006
In base 12, what is -9 + -337a?
-3387
In base 3, what is 111001212 + -12?
111001200
In base 6, what is -10332331 + 4?
-10332323
In base 7, what is 144533 - 13?
144520
In base 14, what is -410 - -2448?
2038
In base 11, what is 12a + 25608?
25737
In base 16, what is -51a - b0?
-5ca
In base 10, what is -9 + 8150?
8141
In base 2, what is 1000000 + 111110111000?
111111111000
In base 7, what is -13 - 2645?
-2661
In base 6, what is 0 + 1302354?
1302354
In base 16, what is d58 - 1?
d57
In base 12, what is 5 - -31a4b?
31a54
In base 7, what is 1 - -12360?
12361
In base 15, what is -5 - -50c?
507
In base 4, what is -22 + 2033302010?
2033301322
In base 11, what is 50 + 182?
222
In base 5, what is 20141 - 2?
20134
In base 15, what is 165 + -22?
143
In base 6, what is 1341 - -2025?
3410
In base 15, what is -941 - 11?
-952
In base 5, what is -23410 + -223?
-24133
In base 8, what is 641451 + -2?
641447
In base 11, what is -18365 + 3?
-18362
In base 3, what is 1222001001 - 10?
1222000221
In base 3, what is 1101212211221 - 12?
1101212211202
In base 10, what is 2 - -13030?
13032
In base 15, what is -dbb1 + -2?
-dbb3
In base 10, what is -1 + -12607?
-12608
In base 14, what is 399c8a + -5?
399c85
In base 4, what is 21201 + -232330?
-211123
In base 7, what is -10 - -10346141?
10346131
In base 15, what is 8 + -2576e?
-25766
In base 5, what is -100424 - -33?
-100341
In base 8, what is -55 + -1223?
-1300
In base 12, what is -161 - -1878?
1717
In base 16, what is bb - -273?
32e
In base 9, what is -1240 + -104?
-1344
In base 9, what is 167 - -110?
277
In base 5, what is -21341443 - -14?
-21341424
In base 16, what is 69 + 1f3?
25c
In base 3, what is 2012022002 + 12?
2012022021
In base 4, what is 100010 + 3032?
103102
In base 10, what is -5056 - -3?
-5053
In base 7, what is 0 + 2015533?
2015533
In base 14, what is -69 + 8?
-61
In base 13, what is -18 + -419?
-434
In base 9, what is 12167114 + 3?
12167117
In base 15, what is 3 + -9236?
-9233
In base 16, what is -4 + -dd80?
-dd84
In base 12, what is -7a18 + 4a?
-798a
In base 4, what is 20030 + -220?
13210
In base 2, what is 10111110011 + 101001?
11000011100
In base 13, what is 0 + -ba933?
-ba933
In base 3, what is 10 + 100202210120?
100202210200
In base 9, what is -63 + 1471?
1407
In base 11, what is 0 - -2971?
2971
In base 4, what is 10 + -10123003?
-10122333
In base 13, what is 1 - 73912?
-73911
In base 8, what is -5454 - 12?
-5466
In base 5, what is -30 - 141102?
-141132
In base 15, what is -153a1 + 5b?
-15345
In base 10, what is 0 + -372916?
-372916
In base 13, what is 0 + 79ab?
79ab
In base 9, what is 22222 - 17?
22204
In base 2, what is 11001111001101 + 101010110?
11010100100011
In base 16, what is 0 + -126?
-126
In base 3, what is 102101 + -221102002?
-220222201
In base 6, what is 3 + -145055?
-145052
In base 16, what is b40b6 - 3?
b40b3
In base 16, what is 5f3 - -5c?
64f
In base 9, what is 586408 + -6?
586402
In base 10, what is -66 + -2424?
-2490
In base 14, what is 73b5 + 1?
73b6
In base 15, what is 29 - -3cc?
406
In base 13, what is 2484 + 17?
249b
In base 7, what is -323534 + 5?
-323526
In base 3, what is 122120 + -112110?
10010
In base 6, what is 23134551 - 3?
23134544
In base 11, what is -87 - 3683?
-375a
In base 10, what is 137233 - -4?
137237
In base 6, what is -2020 - -40?
-1540
In base 14, what is -295 - -88?
-20b
In base 6, what is 2530 - 142?
2344
In base 8, what is 2 - 1365534?
-1365532
In base 3, what is -1102200211222 + -2?
-1102200212001
In base 4, what is 2 - 1233303?
-1233301
In base 11, what is 5 - -27889?
27893
In base 5, what is -143421 + -431?
-144402
In base 14, what is 6948 + 6?
6950
In base 3, what is -2 + 1221010221?
1221010212
In base 9, what is -1880 - -36?
-1843
In base 14, what is 0 - -3131d?
3131d
In base 12, what is 177a + 262?
1a20
In base 16, what is 230 - 2b?
205
In base 6, what is -155 + 40420?
40221
In base 8, what is -24764